 - -311232?
311232
In base 16, what is -5 + -2b?
-30
In base 10, what is 4 + -99?
-95
In base 8, what is 41226 + -5?
41221
In base 14, what is 5 + 458?
45d
In base 10, what is 4600 - 0?
4600
In base 13, what is -b + -2b8?
-2c6
In base 4, what is 10 + -220030?
-220020
In base 4, what is 1113 - 312?
201
In base 10, what is -136 - -15?
-121
In base 16, what is -1 + 52?
51
In base 5, what is 0 - 113144?
-113144
In base 14, what is 1 - -1a?
1b
In base 12, what is -48 - 1?
-49
In base 2, what is -1000111110010 - 100?
-1000111110110
In base 16, what is 1 + -315?
-314
In base 11, what is 32 - 3?
2a
In base 9, what is 1745 - -7?
1753
In base 12, what is -330 + 17?
-315
In base 15, what is -30 - -4?
-2b
In base 3, what is -122 - 100?
-222
In base 12, what is 2aab - 4?
2aa7
In base 2, what is 1010001001100 + -1?
1010001001011
In base 2, what is 101 + 11011111?
11100100
In base 10, what is 4 - 84?
-80
In base 10, what is 45 - -9?
54
In base 12, what is 1b + -119?
-ba
In base 15, what is d4 - -1?
d5
In base 2, what is 101110000111 + -101?
101110000010
In base 13, what is 64 - 4?
60
In base 11, what is 413 + -1?
412
In base 7, what is -41 - -412?
341
In base 5, what is -3 - 1312?
-1320
In base 13, what is -2 + 7?
5
In base 3, what is -11 + -1020002?
-1020020
In base 16, what is -33 + 0?
-33
In base 12, what is 5 + 32?
37
In base 16, what is 169 - -c?
175
In base 15, what is 3 + -95?
-92
In base 11, what is -5 + 229?
224
In base 6, what is 11102 + 0?
11102
In base 7, what is -3 - -1660?
1654
In base 2, what is -101 + -100101?
-101010
In base 8, what is -2 - -153?
151
In base 11, what is 399 - -5?
3a3
In base 2, what is 100 - -10110110?
10111010
In base 11, what is -142 - 19?
-160
In base 12, what is a + -610?
-602
In base 16, what is -1f3f + 1?
-1f3e
In base 6, what is 2 + -2004?
-2002
In base 13, what is 2 + -125?
-123
In base 14, what is 8 - 86?
-7c
In base 3, what is 12201 - 101?
12100
In base 7, what is -156 + -4?
-163
In base 15, what is 58 - -2?
5a
In base 7, what is -3 + 51?
45
In base 10, what is 124 - 8?
116
In base 8, what is -5123 + 0?
-5123
In base 8, what is -56 + 5?
-51
In base 8, what is 131 - 5?
124
In base 11, what is 19 - -2?
20
In base 3, what is 10201211 + 12?
10202000
In base 5, what is 121401 + 1?
121402
In base 16, what is 6 - 199?
-193
In base 7, what is 5 - 61?
-53
In base 7, what is 4 - -6422?
6426
In base 16, what is 1a - -177?
191
In base 13, what is 0 + 590?
590
In base 2, what is -100100 + 10001001?
1100101
In base 4, what is -131010 + -2?
-131012
In base 7, what is 5352 - 0?
5352
In base 13, what is -10 + 446?
436
In base 9, what is -141 - -1?
-140
In base 15, what is 7 - -453?
45a
In base 3, what is 222022 + 12?
222111
In base 2, what is 111001 + 101?
111110
In base 7, what is -410 - 5?
-415
In base 12, what is 112 - -14?
126
In base 14, what is b98 + 2?
b9a
In base 10, what is -39 + 4?
-35
In base 3, what is -10000122 + -11?
-10000210
In base 2, what is -1101 + -111001000?
-111010101
In base 16, what is 3 - 3b?
-38
In base 11, what is 10 - -5?
15
In base 3, what is -1002221 - -11?
-1002210
In base 4, what is 303 - -2?
311
In base 9, what is 2650 + -4?
2645
In base 9, what is -167 + 1?
-166
In base 7, what is -3 - -1640?
1634
In base 11, what is -951 - -7?
-945
In base 12, what is -3 - -48b?
488
In base 14, what is b - -18?
25
In base 15, what is -2 - 2b5?
-2b7
In base 6, what is 143 + 14?
201
In base 13, what is -3 - -3b?
38
In base 13, what is -1c + 8?
-14
In base 8, what is -64 + 1?
-63
In base 10, what is 34 + 69?
103
In base 7, what is -32 + 16?
-13
In base 4, what is 3231 + 10?
3301
In base 4, what is 11 + -103?
-32
In base 16, what is -6da + -4?
-6de
In base 4, what is 22 + -103?
-21
In base 5, what is 3 + 240?
243
In base 4, what is 1 + 103133?
103200
In base 14, what is -1 + 5b?
5a
In base 5, what is -42 + 21?
-21
In base 11, what is 195 + -13?
182
In base 2, what is 10110110 + -100?
10110010
In base 16, what is d1 - 4?
cd
In base 3, what is 2001221 - -12?
2002010
In base 5, what is 3 - 3423?
-3420
In base 16, what is 4 - -da?
de
In base 8, what is -112 + -245?
-357
In base 4, what is 3 - 20?
-11
In base 10, what is -494 + 3?
-491
In base 9, what is -8650 - -4?
-8645
In base 14, what is 61 + -23?
3c
In base 10, what is 47 - 8?
39
In base 10, what is -82 - -49?
-33
In base 7, what is 4 + -2003?
-1666
In base 2, what is -10000111000 - -10?
-10000110110
In base 14, what is -3 - 17?
-1a
In base 16, what is 10 - 7c?
-6c
In base 15, what is -102 + 4?
-ed
In base 14, what is -4 + 111?
10b
In base 11, what is -37 - -a?
-28
In base 12, what is -1 - 6b?
-70
In base 6, what is -2 + 3?
1
In base 4, what is 2113 + 1002?
3121
In base 6, what is 0 + -2314?
-2314
In base 10, what is 481 - 3?
478
In base 14, what is -3 - 254?
-257
In base 11, what is 9 + 3?
11
In base 5, what is -23041 + -4?
-23100
In base 7, what is 1 - -11?
12
In base 16, what is 0 + -154?
-154
In base 4, what is 131122 + 10?
131132
In base 6, what is 3 + 124?
131
In base 2, what is -1000 + 11100100?
11011100
In base 14, what is 0 - -2d?
2d
In base 10, what is -5 + -83?
-88
In base 2, what is 10001001010 + 1?
10001001011
In base 7, what is 2 + -1421?
-1416
In base 14, what is -13 + 9?
-8
In base 16, what is -4 + 6d?
69
In base 10, what is 0 + -750?
-750
In base 5, what is -2 + -10?
-12
In base 14, what is d3 - 80?
53
In base 7, what is -24615 - 5?
-24623
In base 7, what is -115 - 526?
-644
In base 3, what is 1210002 + -200?
1202102
In base 12, what is -3 + -18?
-1b
In base 9, what is 2650 - -3?
2653
In base 14, what is -331 + 2b?
-304
In base 10, what is 69 - -10?
79
In base 4, what is -33323 + 3?
-33320
In base 8, what is 12 - -4265?
4277
In base 14, what is 2 - -4a?
4c
In base 7, what is 30 - -335?
365
In base 6, what is -5 + 210?
201
In base 12, what is -456 + -2?
-458
In base 10, what is 3 - -97?
100
In base 16, what is 473 - 5?
46e
In base 3, what is -120 + -100?
-220
In base 2, what is 1 - -100010?
100011
In base 10, what is 0 + 206?
206
In base 14, what is 39b + -4?
397
In base 3, what is 12 + -202101?
-202012
In base 2, what is -1001 + 1011?
10
In base 13, what is -a2 + 74?
-2b
In base 7, what is 2 + 34?
36
In base 14, what is c - 98?
-8a
In base 7, what is 5 + 242?
250
In base 16, what is 79 - 9?
70
In base 6, what is 1 + 534?
535
In base 11, what is 224 + 5?
229
In base 16, what is -63 + b?
-58
In base 3, what is 2 + -1020?
-1011
In base 14, what is -12 + 2?
-10
In base 7, what is -42223 + -3?
-42226
In base 12, what is -277 + -6?
-281
In base 7, what is -2161 - 1?
-2162
In base 13, what is 2 - 70c?
-70a
In base 16, what is -3d - 14?
-51
In base 3, what is 22002 - -111?
22120
In base 11, what is 5 + 35?
3a
In base 7, what is -3 + 1002?
666
In base 13, what is -1c - -67?
48
In base 4, what is 12 - -1111?
1123
In base 4, what is 13331 - 13?
13312
In base 12, what is -9 + -44?
-51
In base 10, what is -5 + 392?
387
In base 9, what is 0 - 42?
-42
In base 11, what is 174 + 47?
210
In base 11, what is -1 + -78?
-79
In base 4, what is 30100 - -3?
30103
In base 6, what is -124 - 2?
-130
In base 11, what is -2156 - 5?
-2160
In base 10, what is 7576 + -2?
7574
In base 7, what is 5213 + 0?
5213
In base 16, what is -1 - dcf?
-dd0
In base 15, what is 8b + 1?
8c
In base 6, what is -5 - 20?
-25
In base 10, what is -5 + 92?
87
In base 15, what is 1 - -97?
98
In base 14, what is 8 + 21?
29
In base 9, what is -136 + 27?
-108
In base 13, what is -2a7 + -4?
-2ab
In base 7, what is 1123 - -10?
1133
In base 12, what is -9 + -43?
-50
In base 5, what is -303 - -3?
-300
In base 12, what is -1 + 598?
597
In base 15, what is -224 + 5?
-21e
In base 16, what is -1 - 166?
-167
In base 2, what is -10 - 10000100100?
-10000100110
In base 4, what is 13033 + -3?
13030
In base 3, what is -100 + 2222?
2122
In base 3, what is 1 - -12?
20
In base 15, what is 2 + -207?
-205
In base 4, what is 11 - -312?
323
In base 16, what is 44d - 2?
44b
In base 3, what is 12220 + 21110?
111100
In base 8, what is 10 + -1722?
-1712
In base 3, what is -201112 - -1?
-201111
In base 8, what is -1554 + 2?
-1552
In base 10, what is 0 + -66?
-66
In base 3, what is 2001 + -22?
1202
In base 3, what is 1101222 - -10?
1102002
In base 14, what is 36b + 2?
36d
In base 9, what is 202 + 1?
203
In base 8, what is 27 - 12?